{"id":3504,"date":"2026-04-16T19:16:03","date_gmt":"2026-04-16T17:16:03","guid":{"rendered":"https:\/\/portathermo.com\/?post_type=locations&#038;p=3504"},"modified":"2026-04-16T19:16:03","modified_gmt":"2026-04-16T17:16:03","slug":"tiles-interierove-studio-piestany","status":"publish","type":"locations","link":"https:\/\/portathermo.com\/sk\/locations\/tiles-interierove-studio-piestany\/","title":{"rendered":"TILES Interi\u00e9rov\u00e9 \u0161t\u00fadio Pie\u0161\u0165any"},"template":"","class_list":["post-3504","locations","type-locations","status-publish","hentry"],"acf":[],"yoast_head":"<!-- This site is optimized with the Yoast SEO plugin v27.4 - https:\/\/yoast.com\/product\/yoast-seo-wordpress\/ -->\n<title>TILES Interi\u00e9rov\u00e9 \u0161t\u00fadio Pie\u0161\u0165any - Porta Thermo<\/title>\n<meta name=\"robots\" content=\"index, follow, max-snippet:-1, max-image-preview:large, max-video-preview:-1\" \/>\n<link rel=\"canonical\" href=\"https:\/\/portathermo.com\/sk\/locations\/tiles-interierove-studio-piestany\/\" \/>\n<meta property=\"og:locale\" content=\"sk_SK\" \/>\n<meta property=\"og:type\" content=\"article\" \/>\n<meta property=\"og:title\" content=\"TILES Interi\u00e9rov\u00e9 \u0161t\u00fadio Pie\u0161\u0165any - Porta Thermo\" \/>\n<meta property=\"og:url\" content=\"https:\/\/portathermo.com\/sk\/locations\/tiles-interierove-studio-piestany\/\" \/>\n<meta property=\"og:site_name\" content=\"Porta Thermo\" \/>\n<meta name=\"twitter:card\" content=\"summary_large_image\" \/>\n<script type=\"application\/ld+json\" class=\"yoast-schema-graph\">{\"@context\":\"https:\\\/\\\/schema.org\",\"@graph\":[{\"@type\":\"WebPage\",\"@id\":\"https:\\\/\\\/portathermo.com\\\/sk\\\/locations\\\/tiles-interierove-studio-piestany\\\/\",\"url\":\"https:\\\/\\\/portathermo.com\\\/sk\\\/locations\\\/tiles-interierove-studio-piestany\\\/\",\"name\":\"TILES Interi\u00e9rov\u00e9 \u0161t\u00fadio Pie\u0161\u0165any - Porta Thermo\",\"isPartOf\":{\"@id\":\"https:\\\/\\\/portathermo.com\\\/#website\"},\"datePublished\":\"2026-04-16T17:16:03+00:00\",\"breadcrumb\":{\"@id\":\"https:\\\/\\\/portathermo.com\\\/sk\\\/locations\\\/tiles-interierove-studio-piestany\\\/#breadcrumb\"},\"inLanguage\":\"sk-SK\",\"potentialAction\":[{\"@type\":\"ReadAction\",\"target\":[\"https:\\\/\\\/portathermo.com\\\/sk\\\/locations\\\/tiles-interierove-studio-piestany\\\/\"]}]},{\"@type\":\"BreadcrumbList\",\"@id\":\"https:\\\/\\\/portathermo.com\\\/sk\\\/locations\\\/tiles-interierove-studio-piestany\\\/#breadcrumb\",\"itemListElement\":[{\"@type\":\"ListItem\",\"position\":1,\"name\":\"Strona g\u0142\u00f3wna\",\"item\":\"https:\\\/\\\/portathermo.com\\\/sk\\\/\"},{\"@type\":\"ListItem\",\"position\":2,\"name\":\"Lokalizacje\",\"item\":\"https:\\\/\\\/portathermo.com\\\/hu\\\/locations\\\/\"},{\"@type\":\"ListItem\",\"position\":3,\"name\":\"TILES Interi\u00e9rov\u00e9 \u0161t\u00fadio Pie\u0161\u0165any\"}]},{\"@type\":\"WebSite\",\"@id\":\"https:\\\/\\\/portathermo.com\\\/#website\",\"url\":\"https:\\\/\\\/portathermo.com\\\/\",\"name\":\"Porta Thermo\",\"description\":\"\",\"potentialAction\":[{\"@type\":\"SearchAction\",\"target\":{\"@type\":\"EntryPoint\",\"urlTemplate\":\"https:\\\/\\\/portathermo.com\\\/?s={search_term_string}\"},\"query-input\":{\"@type\":\"PropertyValueSpecification\",\"valueRequired\":true,\"valueName\":\"search_term_string\"}}],\"inLanguage\":\"sk-SK\"}]}<\/script>\n<!-- \/ Yoast SEO plugin. -->","yoast_head_json":{"title":"TILES Interi\u00e9rov\u00e9 \u0161t\u00fadio Pie\u0161\u0165any - Porta Thermo","robots":{"index":"index","follow":"follow","max-snippet":"max-snippet:-1","max-image-preview":"max-image-preview:large","max-video-preview":"max-video-preview:-1"},"canonical":"https:\/\/portathermo.com\/sk\/locations\/tiles-interierove-studio-piestany\/","og_locale":"sk_SK","og_type":"article","og_title":"TILES Interi\u00e9rov\u00e9 \u0161t\u00fadio Pie\u0161\u0165any - Porta Thermo","og_url":"https:\/\/portathermo.com\/sk\/locations\/tiles-interierove-studio-piestany\/","og_site_name":"Porta Thermo","twitter_card":"summary_large_image","schema":{"@context":"https:\/\/schema.org","@graph":[{"@type":"WebPage","@id":"https:\/\/portathermo.com\/sk\/locations\/tiles-interierove-studio-piestany\/","url":"https:\/\/portathermo.com\/sk\/locations\/tiles-interierove-studio-piestany\/","name":"TILES Interi\u00e9rov\u00e9 \u0161t\u00fadio Pie\u0161\u0165any - Porta Thermo","isPartOf":{"@id":"https:\/\/portathermo.com\/#website"},"datePublished":"2026-04-16T17:16:03+00:00","breadcrumb":{"@id":"https:\/\/portathermo.com\/sk\/locations\/tiles-interierove-studio-piestany\/#breadcrumb"},"inLanguage":"sk-SK","potentialAction":[{"@type":"ReadAction","target":["https:\/\/portathermo.com\/sk\/locations\/tiles-interierove-studio-piestany\/"]}]},{"@type":"BreadcrumbList","@id":"https:\/\/portathermo.com\/sk\/locations\/tiles-interierove-studio-piestany\/#breadcrumb","itemListElement":[{"@type":"ListItem","position":1,"name":"Strona g\u0142\u00f3wna","item":"https:\/\/portathermo.com\/sk\/"},{"@type":"ListItem","position":2,"name":"Lokalizacje","item":"https:\/\/portathermo.com\/hu\/locations\/"},{"@type":"ListItem","position":3,"name":"TILES Interi\u00e9rov\u00e9 \u0161t\u00fadio Pie\u0161\u0165any"}]},{"@type":"WebSite","@id":"https:\/\/portathermo.com\/#website","url":"https:\/\/portathermo.com\/","name":"Porta Thermo","description":"","potentialAction":[{"@type":"SearchAction","target":{"@type":"EntryPoint","urlTemplate":"https:\/\/portathermo.com\/?s={search_term_string}"},"query-input":{"@type":"PropertyValueSpecification","valueRequired":true,"valueName":"search_term_string"}}],"inLanguage":"sk-SK"}]}},"_links":{"self":[{"href":"https:\/\/portathermo.com\/sk\/wp-json\/wp\/v2\/locations\/3504","targetHints":{"allow":["GET"]}}],"collection":[{"href":"https:\/\/portathermo.com\/sk\/wp-json\/wp\/v2\/locations"}],"about":[{"href":"https:\/\/portathermo.com\/sk\/wp-json\/wp\/v2\/types\/locations"}],"wp:attachment":[{"href":"https:\/\/portathermo.com\/sk\/wp-json\/wp\/v2\/media?parent=3504"}],"curies":[{"name":"wp","href":"https:\/\/api.w.org\/{rel}","templated":true}]}}

TILES Interiérové štúdio Piešťany

<!-- This site is optimized with the Yoast SEO plugin v27.4 - https://yoast.com/product/yoast-seo-wordpress/ -->
<title>TILES Interiérové štúdio Piešťany - Porta Thermo</title>
<meta name="robots" content="index, follow, max-snippet:-1, max-image-preview:large, max-video-preview:-1" />
<link rel="canonical" href="https://portathermo.com/sk/locations/tiles-interierove-studio-piestany/" />
<meta property="og:locale" content="sk_SK" />
<meta property="og:type" content="article" />
<meta property="og:title" content="TILES Interiérové štúdio Piešťany - Porta Thermo" />
<meta property="og:url" content="https://portathermo.com/sk/locations/tiles-interierove-studio-piestany/" />
<meta property="og:site_name" content="Porta Thermo" />
<meta name="twitter:card" content="summary_large_image" />
<script type="application/ld+json" class="yoast-schema-graph">{"@context":"https:\/\/schema.org","@graph":[{"@type":"WebPage","@id":"https:\/\/portathermo.com\/sk\/locations\/tiles-interierove-studio-piestany\/","url":"https:\/\/portathermo.com\/sk\/locations\/tiles-interierove-studio-piestany\/","name":"TILES Interiérové štúdio Piešťany - Porta Thermo","isPartOf":{"@id":"https:\/\/portathermo.com\/#website"},"datePublished":"2026-04-16T17:16:03+00:00","breadcrumb":{"@id":"https:\/\/portathermo.com\/sk\/locations\/tiles-interierove-studio-piestany\/#breadcrumb"},"inLanguage":"sk-SK","potentialAction":[{"@type":"ReadAction","target":["https:\/\/portathermo.com\/sk\/locations\/tiles-interierove-studio-piestany\/"]}]},{"@type":"BreadcrumbList","@id":"https:\/\/portathermo.com\/sk\/locations\/tiles-interierove-studio-piestany\/#breadcrumb","itemListElement":[{"@type":"ListItem","position":1,"name":"Strona główna","item":"https:\/\/portathermo.com\/sk\/"},{"@type":"ListItem","position":2,"name":"Lokalizacje","item":"https:\/\/portathermo.com\/hu\/locations\/"},{"@type":"ListItem","position":3,"name":"TILES Interiérové štúdio Piešťany"}]},{"@type":"WebSite","@id":"https:\/\/portathermo.com\/#website","url":"https:\/\/portathermo.com\/","name":"Porta Thermo","description":"","potentialAction":[{"@type":"SearchAction","target":{"@type":"EntryPoint","urlTemplate":"https:\/\/portathermo.com\/?s={search_term_string}"},"query-input":{"@type":"PropertyValueSpecification","valueRequired":true,"valueName":"search_term_string"}}],"inLanguage":"sk-SK"}]}</script>
<!-- / Yoast SEO plugin. -->

TILES Interiérové štúdio Piešťany - Porta Thermo

Strona główna
